{"id":18,"date":"2020-04-13T16:10:24","date_gmt":"2020-04-13T14:10:24","guid":{"rendered":"http:\/\/kleinescherde.de\/?page_id=18"},"modified":"2026-04-08T20:01:22","modified_gmt":"2026-04-08T18:01:22","slug":"aktuelles","status":"publish","type":"page","link":"https:\/\/kleinescherde.de\/?page_id=18","title":{"rendered":"Aktuelles"},"content":{"rendered":"\n<p><\/p>\n\n\n\n<figure class=\"wp-block-image size-full is-resized\"><img loading=\"lazy\" decoding=\"async\" width=\"479\" height=\"479\" src=\"https:\/\/kleinescherde.de\/wp-content\/uploads\/2026\/04\/Maibaum2026.png\" alt=\"\" class=\"wp-image-442\" style=\"width:624px;height:auto\" srcset=\"https:\/\/kleinescherde.de\/wp-content\/uploads\/2026\/04\/Maibaum2026.png 479w, https:\/\/kleinescherde.de\/wp-content\/uploads\/2026\/04\/Maibaum2026-300x300.png 300w, https:\/\/kleinescherde.de\/wp-content\/uploads\/2026\/04\/Maibaum2026-150x150.png 150w, https:\/\/kleinescherde.de\/wp-content\/uploads\/2026\/04\/Maibaum2026-100x100.png 100w\" sizes=\"auto, (max-width: 479px) 100vw, 479px\" \/><\/figure>\n\n\n\n<hr class=\"wp-block-separator has-alpha-channel-opacity\"\/>\n\n\n\n<figure class=\"wp-block-table\"><table class=\"has-fixed-layout\"><tbody><tr><td>&nbsp;Am 28.03. ab 9 Uhr ist es wieder so weit, <br>der Drosselpark soll Fit f\u00fcr den Fr\u00fchling gemacht werden. <br><br>Die Hecken und Plattenwege frei schneiden, der Efeu am Container muss geschnitten werden und auch die Rosen brauchen Pflege.<br><br>Und daf\u00fcr brauchen wir H\u00e4nde, und know-how. <br>Wer passendes Ger\u00e4t hat, ist herzlich eingeladen dieses mitzubringen &#x1f60a;. <br>Gerne k\u00f6nnt ihr euch bei Stefan Reichert&nbsp; unter 01525 4883961 telefonisch oder per WhatsApp melden, damit wir einen \u00dcberblick bekommen.<\/td><\/tr><\/tbody><\/table><\/figure>\n\n\n\n<details class=\"wp-block-details is-layout-flow wp-block-details-is-layout-flow\"><summary><\/summary>\n<div class=\"wp-block-columns is-layout-flex wp-container-core-columns-is-layout-1 wp-block-columns-is-layout-flex\">\n<div class=\"wp-block-column is-layout-flow wp-block-column-is-layout-flow\" style=\"flex-basis:100%\">\n<hr class=\"wp-block-separator has-alpha-channel-opacity\"\/>\n<\/div>\n<\/div>\n<\/details>\n\n\n\n<figure class=\"wp-block-image size-full\"><img loading=\"lazy\" decoding=\"async\" width=\"567\" height=\"444\" src=\"https:\/\/kleinescherde.de\/wp-content\/uploads\/2026\/03\/Beitrag-2026.jpg\" alt=\"\" class=\"wp-image-435\" srcset=\"https:\/\/kleinescherde.de\/wp-content\/uploads\/2026\/03\/Beitrag-2026.jpg 567w, https:\/\/kleinescherde.de\/wp-content\/uploads\/2026\/03\/Beitrag-2026-300x235.jpg 300w\" sizes=\"auto, (max-width: 567px) 100vw, 567px\" \/><\/figure>\n\n\n\n<hr class=\"wp-block-separator has-alpha-channel-opacity\"\/>\n\n\n\n<p><strong>Achtung:  Stefan Reichert hat eine neue Telefonnummer +49 1525 4883961<\/strong><\/p>\n\n\n\n<hr class=\"wp-block-separator has-alpha-channel-opacity\"\/>\n\n\n\n<hr class=\"wp-block-separator has-alpha-channel-opacity\"\/>\n\n\n\n<figure class=\"wp-block-image size-full is-resized\"><img loading=\"lazy\" decoding=\"async\" width=\"492\" height=\"497\" src=\"https:\/\/kleinescherde.de\/wp-content\/uploads\/2025\/10\/Schlachte25.png\" alt=\"\" class=\"wp-image-417\" style=\"width:674px;height:auto\" srcset=\"https:\/\/kleinescherde.de\/wp-content\/uploads\/2025\/10\/Schlachte25.png 492w, https:\/\/kleinescherde.de\/wp-content\/uploads\/2025\/10\/Schlachte25-297x300.png 297w, https:\/\/kleinescherde.de\/wp-content\/uploads\/2025\/10\/Schlachte25-100x100.png 100w\" sizes=\"auto, (max-width: 492px) 100vw, 492px\" \/><\/figure>\n\n\n\n<hr class=\"wp-block-separator has-alpha-channel-opacity\"\/>\n\n\n\n<figure class=\"wp-block-image size-full is-resized\"><img loading=\"lazy\" decoding=\"async\" width=\"453\" height=\"488\" src=\"https:\/\/kleinescherde.de\/wp-content\/uploads\/2025\/10\/JHV25.png\" alt=\"\" class=\"wp-image-416\" style=\"width:674px;height:auto\" srcset=\"https:\/\/kleinescherde.de\/wp-content\/uploads\/2025\/10\/JHV25.png 453w, https:\/\/kleinescherde.de\/wp-content\/uploads\/2025\/10\/JHV25-278x300.png 278w\" sizes=\"auto, (max-width: 453px) 100vw, 453px\" \/><\/figure>\n\n\n\n<p><\/p>\n\n\n\n<figure class=\"wp-block-image size-full is-resized\"><img loading=\"lazy\" decoding=\"async\" width=\"493\" height=\"462\" src=\"https:\/\/kleinescherde.de\/wp-content\/uploads\/2025\/10\/Park25.png\" alt=\"\" class=\"wp-image-418\" style=\"width:674px;height:auto\" srcset=\"https:\/\/kleinescherde.de\/wp-content\/uploads\/2025\/10\/Park25.png 493w, https:\/\/kleinescherde.de\/wp-content\/uploads\/2025\/10\/Park25-300x281.png 300w\" sizes=\"auto, (max-width: 493px) 100vw, 493px\" \/><\/figure>\n\n\n\n<p><\/p>\n\n\n\n<hr class=\"wp-block-separator has-alpha-channel-opacity\"\/>\n\n\n\n<figure class=\"wp-block-image size-full is-resized\"><img loading=\"lazy\" decoding=\"async\" width=\"463\" height=\"644\" src=\"https:\/\/kleinescherde.de\/wp-content\/uploads\/2025\/04\/Maibaum2025.png\" alt=\"\" class=\"wp-image-412\" style=\"width:674px;height:auto\" srcset=\"https:\/\/kleinescherde.de\/wp-content\/uploads\/2025\/04\/Maibaum2025.png 463w, https:\/\/kleinescherde.de\/wp-content\/uploads\/2025\/04\/Maibaum2025-216x300.png 216w\" sizes=\"auto, (max-width: 463px) 100vw, 463px\" \/><\/figure>\n\n\n\n<p><\/p>\n\n\n\n<p><\/p>\n\n\n\n<p>Hallo liebe Freunde des Heimatvereines Klein Escherde!<br><br>Der Fr\u00fchling steht vor der T\u00fcr&nbsp;<br>und wir suchen wieder flei\u00dfige Helfer,<br>die mit uns die Blumenk\u00fcbel und Beete bepflanzen.<br>Auch im Park stehen einige Arbeiten an,<br>wie z.B. Unkraut in den Rosenbeeten beseitigen.&nbsp;&nbsp;<br>Au\u00dferdem soll der alte defekte Springbrunnen entfernt werden.<\/p>\n\n\n\n<p>Passende Arbeitsmittel sind bitte mitzubringen &#x1f60a;<br><br>Treffpunkt ist am Samstag, den 22.03.25 um 9.00 Uhr am Drosselpark.<\/p>\n\n\n\n<p>Mit heimatlichem Gru\u00df,<br>Der Vorstand<\/p>\n\n\n\n<hr class=\"wp-block-separator has-alpha-channel-opacity\"\/>\n\n\n<div class=\"wp-block-image\">\n<figure class=\"aligncenter size-full\"><img loading=\"lazy\" decoding=\"async\" width=\"386\" height=\"485\" src=\"https:\/\/kleinescherde.de\/wp-content\/uploads\/2024\/11\/image.png\" alt=\"\" class=\"wp-image-398\" srcset=\"https:\/\/kleinescherde.de\/wp-content\/uploads\/2024\/11\/image.png 386w, https:\/\/kleinescherde.de\/wp-content\/uploads\/2024\/11\/image-239x300.png 239w\" sizes=\"auto, (max-width: 386px) 100vw, 386px\" \/><\/figure><\/div>\n\n\n<hr class=\"wp-block-separator has-alpha-channel-opacity\"\/>\n\n\n\n<p class=\"has-text-align-center\">Der neue Vorstand wurde am 09.11.2024 gew\u00e4hlt:<\/p>\n\n\n\n<p class=\"has-text-align-center\">Erster Vorsitzender:  Herr Stefan Reichert<\/p>\n\n\n\n<p class=\"has-text-align-center\">Zweite Vorsitzende:  Frau Wiebke Reichert<\/p>\n\n\n\n<p class=\"has-text-align-center\">Kassenf\u00fchrer: Herr Andreas Hauchstein<\/p>\n\n\n\n<p class=\"has-text-align-center\">Schriftf\u00fchrerin: Frau Kerstin Hauchstein<\/p>\n\n\n\n<hr class=\"wp-block-separator has-alpha-channel-opacity\"\/>\n\n\n\n<figure class=\"wp-block-image size-full is-resized\"><img loading=\"lazy\" decoding=\"async\" width=\"494\" height=\"460\" src=\"https:\/\/kleinescherde.de\/wp-content\/uploads\/2024\/10\/image-1.png\" alt=\"\" class=\"wp-image-370\" style=\"width:733px;height:auto\" srcset=\"https:\/\/kleinescherde.de\/wp-content\/uploads\/2024\/10\/image-1.png 494w, https:\/\/kleinescherde.de\/wp-content\/uploads\/2024\/10\/image-1-300x279.png 300w\" sizes=\"auto, (max-width: 494px) 100vw, 494px\" \/><\/figure>\n\n\n\n<p><\/p>\n\n\n\n<p>Hier geht es per Mail zur Anmeldung JHV ! Einfach QR scannen !<\/p>\n\n\n\n<figure class=\"wp-block-image size-full is-resized\"><img loading=\"lazy\" decoding=\"async\" width=\"383\" height=\"389\" src=\"https:\/\/kleinescherde.de\/wp-content\/uploads\/2024\/10\/image-2.png\" alt=\"\" class=\"wp-image-371\" style=\"width:171px;height:auto\" srcset=\"https:\/\/kleinescherde.de\/wp-content\/uploads\/2024\/10\/image-2.png 383w, https:\/\/kleinescherde.de\/wp-content\/uploads\/2024\/10\/image-2-295x300.png 295w\" sizes=\"auto, (max-width: 383px) 100vw, 383px\" \/><\/figure>\n\n\n\n<p><\/p>\n\n\n\n<p><\/p>\n\n\n\n<hr class=\"wp-block-separator has-alpha-channel-opacity\"\/>\n\n\n\n<figure class=\"wp-block-image size-full\"><img loading=\"lazy\" decoding=\"async\" width=\"574\" height=\"631\" src=\"https:\/\/kleinescherde.de\/wp-content\/uploads\/2024\/10\/image.png\" alt=\"\" class=\"wp-image-368\" srcset=\"https:\/\/kleinescherde.de\/wp-content\/uploads\/2024\/10\/image.png 574w, https:\/\/kleinescherde.de\/wp-content\/uploads\/2024\/10\/image-273x300.png 273w\" sizes=\"auto, (max-width: 574px) 100vw, 574px\" \/><\/figure>\n\n\n\n<hr class=\"wp-block-separator has-alpha-channel-opacity\"\/>\n\n\n\n<p><\/p>\n\n\n\n<p><strong>Am 26.10.24 ab 9 Uhr&nbsp;ist es wieder so weit!<\/strong><\/p>\n\n\n\n<p>Wir suchen flei\u00dfige Helfer,<br>die im Park mit uns die Beete aufr\u00e4umen,<br>Unkraut in den Rosenbeeten beseitigen, Hecken schneiden, Efeu am Container schneiden und einiges mehr.<\/p>\n\n\n\n<p>Zus\u00e4tzlich wird der Maibaum eingeholt!<\/p>\n\n\n\n<p>Einfach kommen und mitmachen &#x1f917;<\/p>\n\n\n\n<p><br>Passende Arbeitsmittel sind bitte mitzubringen &#x1f600;<br><\/p>\n\n\n\n<p>Lieben Dank schon jetzt f\u00fcr eure Hilfe.<\/p>\n\n\n\n<p>\u2014\u2014\u2014\u2014\u2014\u2014\u2014\u2014\u2014\u2014\u2014\u2014\u2014\u2014\u2014\u2014\u2014\u2014\u2014\u2014\u2014\u2014<\/p>\n\n\n\n<p><\/p>\n\n\n\n<p><\/p>\n\n\n\n<figure class=\"wp-block-image size-full is-resized\"><img loading=\"lazy\" decoding=\"async\" width=\"385\" height=\"313\" src=\"https:\/\/kleinescherde.de\/wp-content\/uploads\/2024\/06\/image.png\" alt=\"\" class=\"wp-image-350\" style=\"width:675px;height:auto\" srcset=\"https:\/\/kleinescherde.de\/wp-content\/uploads\/2024\/06\/image.png 385w, https:\/\/kleinescherde.de\/wp-content\/uploads\/2024\/06\/image-300x244.png 300w\" sizes=\"auto, (max-width: 385px) 100vw, 385px\" \/><\/figure>\n\n\n\n<p><br>&#8212;&#8212;&#8212;&#8212;&#8212;&#8212;&#8212;&#8212;&#8212;&#8212;&#8212;&#8212;&#8212;&#8212;&#8212;&#8212;&#8212;&#8212;&#8212;&#8212;&#8212;&#8212;&#8212;&#8212;&#8212;&#8212;&#8212;&#8212;&#8212;&#8212;&#8212;&#8212;&#8212;<\/p>\n\n\n\n<figure class=\"wp-block-image size-large\"><img loading=\"lazy\" decoding=\"async\" width=\"726\" height=\"1024\" src=\"https:\/\/kleinescherde.de\/wp-content\/uploads\/2024\/04\/IMG_1555-726x1024.jpeg\" alt=\"\" class=\"wp-image-345\" srcset=\"https:\/\/kleinescherde.de\/wp-content\/uploads\/2024\/04\/IMG_1555-726x1024.jpeg 726w, https:\/\/kleinescherde.de\/wp-content\/uploads\/2024\/04\/IMG_1555-213x300.jpeg 213w, https:\/\/kleinescherde.de\/wp-content\/uploads\/2024\/04\/IMG_1555-768x1083.jpeg 768w, https:\/\/kleinescherde.de\/wp-content\/uploads\/2024\/04\/IMG_1555-1089x1536.jpeg 1089w, https:\/\/kleinescherde.de\/wp-content\/uploads\/2024\/04\/IMG_1555-1452x2048.jpeg 1452w, https:\/\/kleinescherde.de\/wp-content\/uploads\/2024\/04\/IMG_1555.jpeg 1459w\" sizes=\"auto, (max-width: 726px) 100vw, 726px\" \/><\/figure>\n\n\n\n<p><br><\/p>\n\n\n\n<hr class=\"wp-block-separator has-alpha-channel-opacity\"\/>\n\n\n\n<p>Hallo liebe Freunde des Heimatvereines Klein Escherde!<br><br>Der Fr\u00fchling steht vor der T\u00fcr<br>und wir suchen wieder flei\u00dfige Helfer,<br>die mit uns die Blumenk\u00fcbel und Beete bepflanzen.<br>Auch im Park stehen einige Arbeiten an,<br>wie z.B. Unkraut in den Rosenbeeten beseitigen.&nbsp;&nbsp;<br>Au\u00dferdem soll die Fl\u00e4che vor der Scheune umgestaltet werden.<\/p>\n\n\n\n<p>Passende Arbeitsmittel sind bitte mitzubringen &#x1f60a;<br><br>Treffpunkt ist am Samstag, den 16.03.24 um 9.00 Uhr am Drosselpark. <\/p>\n\n\n\n<p>Mit heimatlichem Gru\u00df<br>Der Vorstand<\/p>\n\n\n\n<p><\/p>\n\n\n\n<hr class=\"wp-block-separator aligncenter has-alpha-channel-opacity\"\/>\n\n\n\n<p>\u2014\u2014\u2014\u2014\u2014\u2014\u2014\u2014\u2014\u2014\u2014\u2014\u2014\u2014\u2014\u2014\u2014\u2014\u2014\u2014\u2014\u2014\u2014\u2014\u2014\u2014\u2014\u2014\u2014\u2014\u2014\u2014\u2014\u2014\u2014\u2014\u2014\u2014\u2014\u2014\u2014\u2014\u2014\u2014\u2014<br>Hier kommen die n\u00e4chsten Veranstaltungen:<\/p>\n\n\n\n<p><strong>Wichtiger Hinweis: <\/strong><\/p>\n\n\n\n<p>Auf Grund von Terminproblemen wird die Jahreshauptversammlung <\/p>\n\n\n\n<p>auf den 09.11.2024 verschoben!<\/p>\n\n\n\n<p><\/p>\n\n\n\n<p>\u2014\u2014\u2014\u2014\u2014\u2014\u2014\u2014\u2014\u2014\u2014\u2014\u2014\u2014\u2014\u2014\u2014\u2014\u2014\u2014\u2014\u2014\u2014\u2014\u2014\u2014\u2014\u2014\u2014\u2014\u2014\u2014\u2014\u2014\u2014\u2014\u2014\u2014\u2014\u2014\u2014\u2014\u2014\u2014\u2014<\/p>\n\n\n\n<hr class=\"wp-block-separator has-alpha-channel-opacity\"\/>\n\n\n\n<figure class=\"wp-block-image size-large\"><img loading=\"lazy\" decoding=\"async\" width=\"1024\" height=\"1012\" src=\"https:\/\/kleinescherde.de\/wp-content\/uploads\/2023\/12\/IMG_1274-1024x1012.jpeg\" alt=\"\" class=\"wp-image-329\" srcset=\"https:\/\/kleinescherde.de\/wp-content\/uploads\/2023\/12\/IMG_1274-1024x1012.jpeg 1024w, https:\/\/kleinescherde.de\/wp-content\/uploads\/2023\/12\/IMG_1274-300x296.jpeg 300w, https:\/\/kleinescherde.de\/wp-content\/uploads\/2023\/12\/IMG_1274-768x759.jpeg 768w, https:\/\/kleinescherde.de\/wp-content\/uploads\/2023\/12\/IMG_1274-100x100.jpeg 100w, https:\/\/kleinescherde.de\/wp-content\/uploads\/2023\/12\/IMG_1274.jpeg 1170w\" sizes=\"auto, (max-width: 706px) 89vw, (max-width: 767px) 82vw, 740px\" \/><\/figure>\n\n\n\n<p><\/p>\n\n\n\n<figure class=\"wp-block-image size-large\"><img loading=\"lazy\" decoding=\"async\" width=\"715\" height=\"1024\" src=\"https:\/\/kleinescherde.de\/wp-content\/uploads\/2023\/11\/f520b4fc-86a3-4b02-bf34-6931ac27e505-715x1024.jpeg\" alt=\"\" class=\"wp-image-326\" srcset=\"https:\/\/kleinescherde.de\/wp-content\/uploads\/2023\/11\/f520b4fc-86a3-4b02-bf34-6931ac27e505-715x1024.jpeg 715w, https:\/\/kleinescherde.de\/wp-content\/uploads\/2023\/11\/f520b4fc-86a3-4b02-bf34-6931ac27e505-209x300.jpeg 209w, https:\/\/kleinescherde.de\/wp-content\/uploads\/2023\/11\/f520b4fc-86a3-4b02-bf34-6931ac27e505-768x1100.jpeg 768w, https:\/\/kleinescherde.de\/wp-content\/uploads\/2023\/11\/f520b4fc-86a3-4b02-bf34-6931ac27e505-1073x1536.jpeg 1073w, https:\/\/kleinescherde.de\/wp-content\/uploads\/2023\/11\/f520b4fc-86a3-4b02-bf34-6931ac27e505.jpeg 1430w\" sizes=\"auto, (max-width: 715px) 100vw, 715px\" \/><\/figure>\n\n\n\n<p><\/p>\n\n\n\n<p>&nbsp;\u2014\u2014\u2014\u2014\u2014\u2014\u2014\u2014\u2014\u2014\u2014\u2014\u2014\u2014\u2014\u2014\u2014\u2014\u2014\u2014\u2014\u2014\u2014-<br><\/p>\n\n\n\n<p>Am 04.11.2023 ab 9 Uhr&nbsp;ist es wieder so weit,<\/p>\n\n\n\n<p>der Drosselpark soll winterfest gemacht werden.<\/p>\n\n\n\n<p>Dieses Jahr werden wir mehr zu tun haben als sonst.<\/p>\n\n\n\n<p>Die Hecken sollen deutlich gestutzt werden, das Efeu am Container muss geschnitten werden und auch die Rosen brauchen Pflege. Und daf\u00fcr brauchen wir Eure Hilfe.<\/p>\n\n\n\n<p>Passende Arbeitsmittel sind bitte mitzubringen &#x1f60a;.<\/p>\n\n\n\n<p>F\u00fcr das leibliche Wohl wird gesorgt!<\/p>\n\n\n\n<p>Gerne k\u00f6nnt Ihr euch bei David Tietke &nbsp;unter<\/p>\n\n\n\n<p><a href=\"tel:017660331873\">017660331873<\/a>&nbsp;telefonisch&nbsp;oder per WhatsApp<\/p>\n\n\n\n<p>melden, damit wir einen \u00dcberblick bekommen, was wir an Verpflegung ben\u00f6tigen<\/p>\n\n\n\n<p>\u2014\u2014\u2014\u2014\u2014\u2014\u2014\u2014\u2014\u2014\u2014\u2014\u2014\u2014\u2014\u2014\u2014\u2014\u2014\u2014\u2014\u2014\u2014\u2014\u2014\u2014\u2014\u2014\u2014\u2014\u2014\u2014\u2014\u2014\u2014\u2014\u2014\u2014\u2014-<\/p>\n\n\n\n<p><\/p>\n\n\n\n<p><\/p>\n\n\n\n<p><\/p>\n\n\n\n<p><\/p>\n\n\n\n<hr class=\"wp-block-separator has-alpha-channel-opacity\"\/>\n\n\n\n<p><\/p>\n\n\n\n<p><\/p>\n\n\n\n<p><strong><br><\/strong>___________________________________________________________________________<\/p>\n\n\n\n<p><\/p>\n\n\n\n<hr class=\"wp-block-separator has-alpha-channel-opacity\"\/>\n\n\n\n<p><\/p>\n\n\n\n<p><\/p>\n\n\n\n<p><\/p>\n\n\n\n<hr class=\"wp-block-separator has-alpha-channel-opacity is-style-wide\"\/>\n\n\n\n<p>\u2014\u2014\u2014\u2014\u2014\u2014\u2014\u2014\u2014\u2014\u2014\u2014\u2014\u2014\u2014\u2014\u2014\u2014\u2014\u2014\u2014\u2014\u2014\u2014\u2014\u2014\u2014\u2014-<\/p>\n\n\n\n<p><\/p>\n\n\n\n<p><br>\u2014\u2014\u2014\u2014\u2014\u2014\u2014\u2014\u2014\u2014\u2014\u2014\u2014\u2014\u2014\u2014\u2014\u2014\u2014\u2014\u2014\u2014\u2014\u2014\u2014\u2014\u2014\u2014-<\/p>\n\n\n\n<p><\/p>\n\n\n\n<p><\/p>\n\n\n\n<p>\u2014\u2014\u2014\u2014\u2014\u2014\u2014\u2014\u2014\u2014\u2014\u2014\u2014\u2014\u2014\u2014\u2014\u2014\u2014\u2014\u2014\u2014\u2014\u2014\u2014\u2014\u2014\u2014<\/p>\n\n\n\n<p><\/p>\n\n\n\n<figure class=\"wp-block-image size-large\"><img loading=\"lazy\" decoding=\"async\" width=\"768\" height=\"1024\" src=\"https:\/\/kleinescherde.de\/wp-content\/uploads\/2022\/04\/36B8C257-05DB-4D74-84B3-8C57A0A158EC-768x1024.jpeg\" alt=\"\" class=\"wp-image-212\" srcset=\"https:\/\/kleinescherde.de\/wp-content\/uploads\/2022\/04\/36B8C257-05DB-4D74-84B3-8C57A0A158EC-768x1024.jpeg 768w, https:\/\/kleinescherde.de\/wp-content\/uploads\/2022\/04\/36B8C257-05DB-4D74-84B3-8C57A0A158EC-225x300.jpeg 225w, https:\/\/kleinescherde.de\/wp-content\/uploads\/2022\/04\/36B8C257-05DB-4D74-84B3-8C57A0A158EC-1152x1536.jpeg 1152w, https:\/\/kleinescherde.de\/wp-content\/uploads\/2022\/04\/36B8C257-05DB-4D74-84B3-8C57A0A158EC-1536x2048.jpeg 1536w, https:\/\/kleinescherde.de\/wp-content\/uploads\/2022\/04\/36B8C257-05DB-4D74-84B3-8C57A0A158EC-scaled.jpeg 1920w\" sizes=\"auto, (max-width: 706px) 89vw, (max-width: 767px) 82vw, 740px\" \/><figcaption class=\"wp-element-caption\">Begr\u00fc\u00dfungsschild<\/figcaption><\/figure>\n\n\n\n<p><\/p>\n\n\n\n<p><br>Unsere neuen B\u00e4nke ab 2021 vor der Drosselgasse \/ Drosselpark<\/p>\n\n\n\n<p><\/p>\n\n\n\n<div class=\"wp-block-cover\"><span aria-hidden=\"true\" class=\"wp-block-cover__background has-white-background-color has-background-dim\"><\/span><img loading=\"lazy\" decoding=\"async\" width=\"1024\" height=\"768\" class=\"wp-block-cover__image-background wp-image-140\" alt=\"\" src=\"https:\/\/kleinescherde.de\/wp-content\/uploads\/2021\/05\/69A451B8-5700-4455-B313-912D720730C0-1024x768.jpeg\" data-object-fit=\"cover\" srcset=\"https:\/\/kleinescherde.de\/wp-content\/uploads\/2021\/05\/69A451B8-5700-4455-B313-912D720730C0-1024x768.jpeg 1024w, https:\/\/kleinescherde.de\/wp-content\/uploads\/2021\/05\/69A451B8-5700-4455-B313-912D720730C0-300x225.jpeg 300w, https:\/\/kleinescherde.de\/wp-content\/uploads\/2021\/05\/69A451B8-5700-4455-B313-912D720730C0-768x576.jpeg 768w, https:\/\/kleinescherde.de\/wp-content\/uploads\/2021\/05\/69A451B8-5700-4455-B313-912D720730C0-1536x1152.jpeg 1536w, https:\/\/kleinescherde.de\/wp-content\/uploads\/2021\/05\/69A451B8-5700-4455-B313-912D720730C0-2048x1536.jpeg 2048w\" sizes=\"auto, (max-width: 706px) 89vw, (max-width: 767px) 82vw, 740px\" \/><div class=\"wp-block-cover__inner-container is-layout-flow wp-block-cover-is-layout-flow\">\n<p class=\"has-large-font-size\"><\/p>\n<\/div><\/div>\n\n\n\n<figure class=\"wp-block-image size-large\"><img decoding=\"async\" src=\"blob:https:\/\/kleinescherde.de\/e5c4ac09-e037-4055-b9b9-e744b426603c\" alt=\"\"\/><\/figure>\n\n\n\n<p><\/p>\n\n\n","protected":false},"excerpt":{"rendered":"<p>&nbsp;Am 28.03. ab 9 Uhr ist es wieder so weit, der Drosselpark soll Fit f\u00fcr den Fr\u00fchling gemacht werden. Die Hecken und Plattenwege frei schneiden, der Efeu am Container muss geschnitten werden und auch die Rosen brauchen Pflege. Und daf\u00fcr brauchen wir H\u00e4nde, und know-how. Wer passendes Ger\u00e4t hat, ist herzlich eingeladen dieses mitzubringen &#x1f60a;. &hellip; <\/p>\n<p class=\"link-more\"><a href=\"https:\/\/kleinescherde.de\/?page_id=18\" class=\"more-link\"><span class=\"screen-reader-text\">\u201eAktuelles\u201c <\/span>weiterlesen<\/a><\/p>\n","protected":false},"author":1,"featured_media":7,"parent":0,"menu_order":0,"comment_status":"open","ping_status":"closed","template":"","meta":{"footnotes":""},"class_list":["post-18","page","type-page","status-publish","has-post-thumbnail","hentry"],"_links":{"self":[{"href":"https:\/\/kleinescherde.de\/index.php?rest_route=\/wp\/v2\/pages\/18","targetHints":{"allow":["GET"]}}],"collection":[{"href":"https:\/\/kleinescherde.de\/index.php?rest_route=\/wp\/v2\/pages"}],"about":[{"href":"https:\/\/kleinescherde.de\/index.php?rest_route=\/wp\/v2\/types\/page"}],"author":[{"embeddable":true,"href":"https:\/\/kleinescherde.de\/index.php?rest_route=\/wp\/v2\/users\/1"}],"replies":[{"embeddable":true,"href":"https:\/\/kleinescherde.de\/index.php?rest_route=%2Fwp%2Fv2%2Fcomments&post=18"}],"version-history":[{"count":84,"href":"https:\/\/kleinescherde.de\/index.php?rest_route=\/wp\/v2\/pages\/18\/revisions"}],"predecessor-version":[{"id":443,"href":"https:\/\/kleinescherde.de\/index.php?rest_route=\/wp\/v2\/pages\/18\/revisions\/443"}],"wp:featuredmedia":[{"embeddable":true,"href":"https:\/\/kleinescherde.de\/index.php?rest_route=\/wp\/v2\/media\/7"}],"wp:attachment":[{"href":"https:\/\/kleinescherde.de\/index.php?rest_route=%2Fwp%2Fv2%2Fmedia&parent=18"}],"curies":[{"name":"wp","href":"https:\/\/api.w.org\/{rel}","templated":true}]}}